se 4*b - 4*w = -2*w + 78, -f*b + 4*w + 24 = 0. What is the highest common divisor of 10 and b?
2
Let t be ((-4023215)/(-980) + 9/21)*4. What is the greatest common divisor of t and 33?
11
Suppose -133*t + 7957 = -49*t - 24551. Calculate the greatest common divisor of 18 and t.
9
Suppose 7919*o + 120 = 7925*o. Let z(s) = 4*s**2 - 3*s + 2. Let h be z(-5). Let m = h + -57. What is the highest common divisor of o and m?
20
Let q = 1825 - 1762. What is the greatest common divisor of 2520 and q?
63
Suppose 4*j + 8 = 0, -x + 4*j + j = -40. Suppose -5*g - 15 = -0*g. Let a be (g/6)/((-2)/24). Calculate the highest common factor of a and x.
6
Suppose 5*k - 7*u + 4*u - 37602 = 0, -u = -3*k + 22562. Calculate the highest common divisor of 207 and k.
69
Suppose 200*j = 153*j + 1909422. Calculate the highest common factor of 122 and j.
122
Suppose 3*u - 2*u - 12 = 0. Let z(j) = -2*j + 29. Let g be z(-31). Suppose -85*v = -g*v + 72. Calculate the highest common divisor of v and u.
12
Let b be (-3)/2*(-1 - (-2330)/(-30)). What is the greatest common divisor of 7552 and b?
118
Suppose -n - 2*d = -556, -n + 5*d - 253 = -844. Suppose -16*s + n + 394 = 0. What is the highest common factor of s and 150?
30
Let m(o) = 9*o - 11. Let f be m(-5). Let p be 9 - (-488)/f - (-8620)/14. What is the greatest common factor of 77 and p?
77
Let k(i) = 9*i. Let b be k(5). Suppose t = 4, 83*t - 81*t = -4*h - 24. Let n be 1391/52 + (22/h - -3). What is the greatest common factor of n and b?
9
Suppose -48*j - 18419 = -3107. Let x = j + 371. Calculate the highest common divisor of 13 and x.
13
Let g(s) = -4*s**2 - s + 3. Let f(t) = 5*t - 12. Let o be f(3). Let h be g(o). Let r = h + 57. Calculate the highest common divisor of r and 35.
7
Suppose -8*u + 41481 = -12279. Calculate the highest common divisor of u and 70.
70
Suppose 1919961 = 204*m + 159*m - 495804. What is the highest common divisor of 5 and m?
5
Suppose 23*m - 137 = 47. Let o(u) = 3*u**2 + 7*u - 154. Let y be o(m). What is the greatest common factor of 235 and y?
47
Let h(g) = 9 + 0 + g**2 - g**3 - 20*g + 17 + 2*g**3 + 0. Let r be h(11). What is the greatest common factor of r and 34?
34
Suppose -3*r - 382 - 314 = 0. Let b = r - -274. Suppose 3*y - 210 = 2*y. What is the highest common factor of y and b?
42
Suppose 4*i - 493 = -399*q + 394*q, -318 = -3*q + 5*i. Calculate the highest common divisor of q and 808.
101
Let d(c) = c**3 + 10*c**2 + 8*c + 10. Let t be d(-9). Suppose -18*m - 10 = -t*m. Let b be m*8/20 + 36. Calculate the greatest common divisor of 8 and b.
8
Let c = -69 - -253. Let z = -467 - -475. Calculate the greatest common divisor of c and z.
8
Let b = 2062 + -1454. Let f be 15/(210/b) + (-8)/(-14). Let m(v) = 2*v**2 - 2*v. Let i be m(2). Calculate the greatest common divisor of i and f.
4
Let w(f) = 93*f - 1. Let z be w(2). Suppose o = -115*n + 111*n + 58, -12*o + 880 = 2*n. Calculate the greatest common divisor of o and z.
37
Let y(m) = 7*m**2 - 4*m - 9. Suppose -g = 13*g - 84. Let v be 4/24*(0 + 3)*g. Let q be y(v). Calculate the highest common factor of 28 and q.
14
Suppose 7*f = -4*f + 1331. Let t = -1028 + 1094. Calculate the greatest common divisor of t and f.
11
Let g = -5684 + 9701. Suppose -12*u + g + 3087 = 0. What is the greatest common factor of u and 37?
37
Let u(z) = 8*z**2 - 165*z - 15. Let l be u(21). Calculate the greatest common factor of l and 948.
12
Let d(t) be the second derivative of t**4/2 - 8*t**3/3 + t**2 - 16*t. Let c be d(3). Calculate the greatest common factor of 40 and c.
8
Let p(a) = 23*a + 24 - 7*a - 10*a - 5*a. Let u be p(-22). Let f be 98/14 + u + -1. Calculate the greatest common factor of f and 32.
8
Let u be (-4)/54 - (-15)/((-810)/(-221188)). Calculate the highest common divisor of 2 and u.
2
Let r(y) = 3*y**2 + 348*y + 22. Let h be r(11). Calculate the greatest common divisor of h and 11.
11
Let a(y) = 4*y**2 - 11*y - 6. Let u be -5 + 3 + (5 - -1). Let n be a(u). Let m be (-35)/n*24/(-10). What is the highest common factor of 96 and m?
6
Suppose -437*u + 222*u = -299*u + 4536. Let m be 18/4*(-12)/(-1). Calculate the greatest common divisor of m and u.
54
Let k = -2893 + 3816. What is the highest common factor of k and 142?
71
Suppose 0 = a - 3*x - 144, -5*x - 88 = -5*a + 692. Calculate the greatest common divisor of 2511 and a.
81
Suppose y - p = 17, -3*y + p + 53 = -p. Suppose 28*i = 2775 + 949. What is the greatest common factor of y and i?
19
Suppose 10395 = 29*c - 19*c + 221*c. Let t = 14 - 7. Let b be 2837/t + (-2)/7. Calculate the highest common factor of b and c.
45
Suppose -3*f = -3*v + 430 + 71, -4*v - f + 693 = 0. Let j be (v/10)/(10/50). Let p = j + -75. Calculate the highest common factor of p and 33.
11
Let a be (-3)/(8/(816/9)). Let x = -20 - a. Suppose -5*z - 4*b + 35 = 0, -5*z + 16 = 3*b - x. What is the highest common factor of z and 27?
3
Let x = 53 + -44. Suppose -3*w + 1103 = 4*m, 0 = 5*m - 12*w + x*w - 1345. What is the highest common factor of 17 and m?
17
Let z(s) = 2*s + 16. Let c be z(11). Let h = c - 41. Let g be 10 - h*10/(-15). What is the highest common divisor of 40 and g?
8
Let k(g) = -g**3 - 60*g**2 - 56*g + 204. Let j be k(-59). What is the greatest common divisor of j and 1962?
9
Suppose -86*h + 4180 = 84*h - 160*h. What is the greatest common divisor of 38 and h?
38
Let o = -435 + 439. Suppose 5*p + 10 = 5*r, -1 + o = 2*r - p. Calculate the greatest common factor of r and 11.
1
Suppose 2377*j - 2383*j + 14994 = 0. What is the highest common divisor of 51 and j?
51
Suppose 0 = -3*h + 3*p + 123, 3*h - 270 = -3*p - 123. What is the highest common factor of h and 477?
9
Let i be (-402)/(-3) - ((-3 - -5) + -3). Suppose 9 = -4*o + 109. Calculate the greatest common divisor of o and i.
5
Let p be -34*(2*-2 - -1). Suppose 4*m = -4*g + 732, 123*g - 120*g - 640 = -10*m. Calculate the highest common divisor of p and g.
34
Suppose -29*b + 37*b = 40. Let t be (-2)/(b - 2505/500). What is the greatest common divisor of 25 and t?
25
Suppose -4*a - 27*a = 7*a - 175750. What is the highest common factor of a and 333?
37
Let y = 159 + -161. Let k be 16/y*(-4 + (-110)/4). What is the greatest common divisor of 54 and k?
18
Let n be (-94)/(-2) + -28 + 23. Suppose -3*f = -n - 126. Calculate the highest common factor of 392 and f.
56
Let x(l) = 2*l + 22. Let v be x(-11). Suppose -17*y + 21*y - 16 = v. Suppose 2*s - 3*s + 6 = 0. Calculate the highest common divisor of s and y.
2
Suppose -15 = 16*s - 15*s + 3*q, 0 = 5*s - 3*q - 33. Let j = 28 + -4. What is the highest common factor of j and s?
3
Let v(k) = 15*k**3 + 31*k**2 - 131*k - 1. Let w be v(4). Calculate the highest common factor of 49 and w.
49
Let t(l) = -l**3 + 4*l**2 + l + 3. Let k be t(4). Suppose 19*j = 29*j + 5*j - 1155. What is the greatest common factor of j and k?
7
Let x be 4/14*(-5188 + 1)/(-19). Calculate the highest common divisor of 27222 and x.
78
Let m = 40170 - 40166. Calculate the highest common factor of m and 27908.
4
Let t be ((-48*4)/((-15)/10))/2. Let a = t + -46. What is the greatest common divisor of a and 90?
18
Let n(v) = -7*v - 178. Let h be n(-24). Let s = 24 + h. What is the greatest common divisor of s and 147?
7
Suppose -12*v - 61 = 59. Let i be 5 - (v + 0) - -6. Suppose 0 = -3*q + 4*a + 33, -q + 4*a = -2*q - 5. What is the highest common divisor of q and i?
7
Suppose -8*w + 223 - 15 = 0. Suppose w*n - 21*n = 20. Let o(s) = 16*s - 24. Let x be o(n). Calculate the greatest common divisor of x and 20.
20
Let y = 17 + -6. Suppose -2335 = 25*m - 28*m + d, 4*m - 3084 = 5*d. What is the highest common divisor of y and m?
11
Let k be 245/28 - (-147)/(-196). Calculate the highest common divisor of k and 5888.
8
Let l = -87 + 139. Suppose 452*u - 177 - 4936 = 77151. What is the highest common factor of l and u?
26
Let w = -1089 - -3977. Calculate the greatest common divisor of 456 and w.
152
Let u(i) = i**2 - 2*i + 3. Let a be u(-4). Let b be (3096/2)/(-2) - (225 - 228). Let r = -690 - b. Calculate the highest common divisor of r and a.
27
Let x be 2/(-16) + 539/88 + 69. What is the greatest common divisor of x and 75?
75
Suppose -3*q + q + 54 = -2*w, -4*q - w = -133. Suppose -248 = 28*l - q*l. Calculate the highest common factor of l and 496.
62
Suppose -2007 = -179*